(q) = -2*q**2 - 20*q + 8. Let b be p(-10). Suppose 3*i - 3795 = -b*i. Calculate the greatest common factor of i and 138.
69
Suppose -46*k + 11*k - 175 = 0. Let l be (k/(-4))/(5/2160). Calculate the greatest common divisor of 60 and l.
60
Suppose p + y - 3*y = -11, 12 = -2*p + 2*y. Let w(d) = 37*d**2 + 2*d + 3. Let x be w(p). Calculate the highest common divisor of x and 4.
2
Suppose 85*y + 5472 = 97*y. Calculate the greatest common factor of y and 1026.
114
Let c be (-2)/(-3) + (-2)/(24/(-4)). Suppose -14 = b + 6*b. Let a(j) = j**2 + 5*j + 7. Let n be a(b). Calculate the greatest common factor of n and c.
1
Let w = -373 - 335. Let s = w + 994. Calculate the greatest common divisor of 26 and s.
26
Let s be -13 + 0 + (-12)/(-3). Let u be -4 + (-140)/(-36) - 55/s. Let y = 36 - 12. Calculate the highest common factor of u and y.
6
Let y = -7010 - -7280. What is the greatest common divisor of 160 and y?
10
Suppose 15079*k + 31616 = 15098*k. Calculate the highest common factor of 26 and k.
26
Let x = -30 + 34. Suppose 253*i + x = 254*i. Calculate the greatest common factor of 4 and i.
4
Suppose 1473 = -740*g + 737*g. Let m = -346 - g. Calculate the greatest common divisor of m and 87.
29
Let t be (-538)/(-12) + 250/1500. Let z be (32/6)/(3/(-9)). Let u = 2 - z. Calculate the greatest common divisor of u and t.
9
Let n = -2156 - -2208. Calculate the highest common factor of n and 481.
13
Let s = 13760 + -13243. What is the highest common factor of 77 and s?
11
Let g be ((-174)/5 - -2)/(4/(-10)). Let j = g + -117. Let i be (-5)/j + 153/7. What is the highest common factor of i and 11?
11
Suppose 5*p - 59 + 44 = 0. Suppose -3 - p = -t. Calculate the highest common divisor of 51 and t.
3
Suppose 4*d - z - 690 = 0, 5*z + 325 = -4*d + 1075. Suppose -4*a = -a - 75. Calculate the greatest common divisor of d and a.
25
Let g be (-7 + 6)/((-1)/2). Suppose 2*d + 4*a - 980 = 0, g*d - 940 = 3*a + a. Calculate the greatest common divisor of d and 30.
30
Let u(j) = -39*j + 77. Let k be u(-7). Suppose -l = 5, -r - 5*l = -2*l - 13. What is the greatest common divisor of k and r?
14
Suppose p - 2*a = 424, 449 = p + 5*a - 2*a. Let c = -42 + 56. Calculate the highest common factor of c and p.
14
Let j be (133/(-5) - -5)*(0 - 5). Let f = j - 102. Let a(u) = 2*u**2 - u + 2. Let n be a(4). Calculate the highest common divisor of f and n.
6
Let f = -20455 - -20507. What is the greatest common divisor of f and 2132?
52
Let u(h) = h**2 + 223*h + 4550. Let g be u(-20). What is the greatest common divisor of 4018 and g?
98
Let a = -101696 + 101706. Let j = 51 - -39. What is the highest common divisor of j and a?
10
Let f be (-9 + -3)/((-102)/12 + 7)*1. What is the greatest common divisor of 1184 and f?
8
Let m = 29024 + -29000. Calculate the highest common divisor of m and 1408.
8
Suppose 4*m - 26 = -0*m + 5*g, 0 = -4*g - 8. Suppose 0 = m*o - 0*o - 220. Suppose 154 = 14*y - 0*y. Calculate the greatest common divisor of y and o.
11
Let x(i) = 819*i**2 - 2048*i - 14396. Let n be x(-7). What is the greatest common factor of n and 57?
57
Let s be 5/(-1) + ((-220)/(-5))/4. Suppose -q - 350 = -3*q. Suppose -s*p + q = -p. What is the greatest common divisor of 14 and p?
7
Let d be (-7)/(7/(-190)) - (2 + 0). Let a = d + -183. Calculate the highest common divisor of a and 5.
5
Suppose -3286 + 8035 = 31*k - 5481. Calculate the highest common factor of 154 and k.
22
Let d(j) = -2*j**3 - 48*j**2 - 3*j - 34. Let l be d(-24). Let o(q) = 2*q + 45. Let x be o(l). Calculate the highest common factor of x and 33.
11
Let y = -11062 + 27424. What is the highest common factor of 18 and y?
18
Let v be (-4 + 242 + -3)/(2 + -3). Let y = v + 246. What is the highest common factor of 143 and y?
11
Let w(t) = -45*t - 78. Let o be w(-2). Suppose -o*n - 3*g - 324 = -13*n, 0 = 5*g. What is the highest common factor of n and 6?
6
Suppose l + 1051 - 2756 = -3*b, -8*b + 5117 = 3*l. What is the highest common divisor of 58 and l?
29
Suppose -16*p = -4051 - 2253. Let a = p + -318. What is the highest common factor of 16 and a?
4
Suppose 210 = 42*x - 35*x. Let s = 144 - 74. What is the highest common divisor of x and s?
10
Let f be (-2)/7 - (-126)/98. Let u be 136/(-51)*-3*f. Let k(c) = -c**3 - 11*c**2 + 11*c + 28. Let d be k(-12). What is the greatest common factor of d and u?
8
Suppose 7 + 5 = 3*r, 0 = 5*o - r - 41. Let n = -5 + o. Suppose 5*x + 2*z + 0*z - 77 = 0, 0 = -z - n. What is the highest common factor of 153 and x?
17
Let k be (4*(-3 - 10) + -2)*3. Let q = k + 344. What is the highest common divisor of 78 and q?
26
Let j = 546 + -543. Suppose 2*i = -2*y + 22, -42 = -j*y + 7*i + 31. Let c be ((-45)/(-2))/(1/2). What is the greatest common divisor of y and c?
15
Let w = -55 + 28. Let l be ((-45)/w)/((-2)/(-6)). Suppose 5*n - k - 20 = 0, l*n - 2*k = 2*n + 5. What is the highest common divisor of n and 35?
5
Let f = -9916 - -9997. What is the highest common factor of 459 and f?
27
Suppose 140*t - 152*t = 96. Let a be (-787)/t - 18/48. What is the greatest common factor of 182 and a?
14
Suppose 9*z - 2959 + 1564 = 0. Calculate the greatest common divisor of z and 124.
31
Let m = 16808 - 16478. Calculate the highest common divisor of 30 and m.
30
Let p = 84 + -41. Let m = 162 + -157. Let t(j) = j**2 - 2*j + 28. Let l be t(m). Calculate the highest common divisor of l and p.
43
Suppose 2*p + 7*s - 2*s = -14, 4*p = 3*s + 24. Suppose 140 = 4*w - 4*a, 75 = w + w + p*a. Suppose 89 - 5 = 21*u. Calculate the highest common factor of u and w.
4
Suppose -m + 388 = -2*q - 566, -2*q = 3*m - 2918. Calculate the highest common divisor of m and 20.
4
Let x = -258 + 411. Let i be 714/63*(-1)/(-2)*3. Calculate the greatest common divisor of i and x.
17
Let b = 20776 + -20767. Suppose 6*w = -21 + 471. What is the highest common divisor of b and w?
3
Let p = -10 + 14. Suppose -29 = -p*r + 91. Suppose 0 = -0*j + 4*j - 24. What is the highest common divisor of j and r?
6
Let y(c) = -c**3 - 14*c**2 - 66*c + 11. Let g be y(-25). Calculate the highest common factor of 264 and g.
88
Let k be 883/5 - 48/80. Calculate the highest common divisor of 432 and k.
16
Suppose -k + 970 = -5*b, 4*k - 27*b = -24*b + 3812. What is the greatest common divisor of 150 and k?
50
Let m(l) = -l**2 - 26*l - 50. Let c(f) = f**2 + 13*f + 25. Let w(r) = 7*c(r) + 3*m(r). Let k be w(-4). Calculate the highest common divisor of 407 and k.
37
Let j = 390 + -380. Suppose 62*o - 6 = 5*a + 58*o, -5*a + 5*o = j. Calculate the highest common factor of a and 54.
2
Suppose 0 = -22*t + 120 + 474. Let d(c) = 0 + 1 + 6*c - 3*c + c**2 - 2. Let j be d(4). What is the greatest common divisor of j and t?
27
Suppose 65*f - 17*f - 1584 = 0. Suppose 30*b + 42 = 37*b. What is the highest common factor of f and b?
3
Let s(z) = 20*z + 10. Let k be s(-1). Let c be (-65)/((-5)/k + 7/(-10)). Calculate the highest common factor of 13 and c.
13
Let o(b) = 40*b**2 + 2368*b - 149. Let g be o(-60). What is the highest common divisor of g and 3003?
77
Let n = 88 + -43. Suppose 222 + 831 = 39*r. Calculate the greatest common divisor of n and r.
9
Let l be (58/87)/(1/270). What is the highest common factor of l and 162?
18
Suppose -5*g + 3*s + 6813 = -411, -g + 1431 = 4*s. What is the highest common factor of g and 117?
39
Let t be (4/6*1)/(18/(-459)). Let x = t - -32. Let p(r) = -r**2 + 32*r - 12. Let j be p(x). Calculate the highest common divisor of 27 and j.
27
Suppose 0 = -28*l + 33*l + 33 - 168. What is the highest common divisor of 321 and l?
3
Let f(q) be the second derivative of 10*q**3/3 - 5*q**2 + 68*q. Let x be f(10). Calculate the greatest common divisor of 10 and x.
10
Let d = -16703 + 16706. Calculate the greatest common factor of d and 579.
3
Suppose -7*c - q + 63 = 0, -2202*c - 78 = -2207*c + 4*q. Let p be 2/(-7) + (-814)/(-7). Let a = 166 - p. Calculate the highest common factor of c and a.
10
Suppose -5996 = -74*q + 14650. Calculate the greatest common factor of 144 and q.
9
Let y be (-13 - -12)*96*1. Let c be (-12)/(-30) - y/10. Suppose -12*j = m - 14*j - 146, -5*m - 5*j = -685. What is the highest common divisor of c and m?
10
Let h be -14 + -2 + (10182 - 141). Calculate the highest common factor of h and 25.
25
Let o be 21/(-14)*(-28)/(-6). Let f be o/(418/140 